 x a prime number?
False
Let b(m) = -111*m + 8. Let j be -1*(-446)/30 - 6/(-45). Suppose -257*t = -254*t + j. Is b(t) a composite number?
False
Let b be (34/(-3) + -2)*6/(-4). Suppose 10*i = 5*i - b, -2*i + 2 = -5*x. Is x/(1 - -1) + (281 - 29) composite?
False
Let a = 69 + -67. Let k(u) = a + 7*u + 2*u + 4*u**2 + 13 - 3*u. Is k(11) prime?
False
Let t = -822 - -1655. Suppose 1445 = 2*a + 2*a + 5*n, -2*a - 5*n = -725. Let k = a + t. Is k prime?
True
Let q(u) be the second derivative of -u**3/6 + 30*u**2 + 6*u + 11. Is q(-9) a composite number?
True
Let f = 35884 + -16035. Is f composite?
True
Let j(l) = -3*l**3 + 4*l**2 - 47*l - 9. Let a(u) = 7*u**3 - 9*u**2 + 94*u + 19. Let v(m) = -2*a(m) - 5*j(m). Is v(18) a prime number?
True
Suppose 1085 = o - j, j + 608 = 3*o - 2637. Suppose -o = -k + 4459. Is k a composite number?
True
Let v = 99584 - 31645. Is v a prime number?
True
Suppose -h + 860200 = 4*q, -5*q = -5*h - 885092 - 190183. Is q composite?
False
Let z(t) = -t**2 - 16*t - 21. Suppose 4*p + 19 = 4*y + 7, -2*p - 14 = 2*y. Is z(p) composite?
True
Let b be 75110/111 + 1/3. Let f = b + -10. Is f prime?
False
Let l be (-3 + 4)*(-23 - -1). Suppose 0 = -4*n + 12*d - 13*d + 382, 102 = n - 3*d. Is -1 + l/(-16) + 31740/n prime?
True
Let q(i) = -2*i**2 - 38*i - 15. Let h be q(-18). Let t(b) = 11*b**2 + b + 19. Is t(h) a prime number?
False
Let b be -1808 + -22 + -4 + -1. Let q(p) = 9*p**3 - 8*p**2 - 10*p + 7. Let g be q(7). Let h = g + b. Is h a composite number?
False
Suppose 15 = 8*c - 1. Let w be (0/c)/(-7 - -9). Suppose w = -k + 1113 - 70. Is k a prime number?
False
Suppose -1317*j + 1326*j - 420637 - 1049990 = 0. Is j a prime number?
True
Is ((-12)/(-24))/((-60)/(-40) + (-42499)/28333) prime?
False
Let d be (52/(-8))/(8/16). Let u(x) be the third derivative of -x**6/120 - 2*x**5/15 - x**4/2 - 8*x**3/3 + x**2. Is u(d) a prime number?
False
Let j(o) = o**2. Let s be j(-1). Let z(a) be the third derivative of 239*a**4/24 - a**3 + 74*a**2. Is z(s) prime?
True
Suppose -980 = 3*s - 5*j - 15344, 0 = 4*s + 3*j - 19123. Is s a prime number?
True
Let n = -91076 - -179665. Is n prime?
True
Let g = 153 - 142. Suppose -55487 = -g*p - 18010. Is p a prime number?
True
Suppose -39*g + 1814435 = -4455267 - 2454481. Is g a composite number?
False
Let m = 12916 - 8899. Suppose m = 9*t - 3534. Is t a composite number?
False
Suppose -97*o + 118*o - 2047731 = 0. Is o a prime number?
True
Let r(g) = 4*g**3 - 26*g**2 - g - 39. Is r(22) a prime number?
True
Suppose 5*k = -3*d + 1195491 - 114416, 0 = -3*k - 12. Is d a composite number?
True
Let a be 6/((-168)/(-126)*3/2). Let w be (-1)/(2/(1*-4)). Suppose 105 = h - w*i, -4*h + 3*h = -a*i - 101. Is h composite?
False
Let f(u) be the first derivative of 9*u**2 - 139*u + 34. Is f(20) prime?
False
Let k = 42 + -37. Suppose t = -2, -2*r + 5*t + 2892 = -4608. Suppose -k*n + r = -0*n. Is n a prime number?
False
Let v(p) = -1505*p**2 - 2*p - 2. Let g(o) = -4513*o**2 - 6*o - 7. Let x(d) = 2*g(d) - 7*v(d). Is x(-1) prime?
False
Is ((-6)/(-18))/((-14)/(-2447970)) a composite number?
True
Suppose 14 = 7*w - 21. Suppose b + 5*a - 7990 + 2964 = 0, 5*b + w*a = 25230. Is b a prime number?
True
Let z(w) = 2*w**2 + 11*w - 15. Let t = -59 + 57. Let d be 14/(-3 + t + 1 - -3). Is z(d) a prime number?
True
Let i(p) be the first derivative of -4*p**2 - 26*p - 26. Let x be i(-6). Suppose x*l = 18*l + 4268. Is l composite?
True
Let u be (3/(-2) - 1)/((-2)/(-1596)). Let z = 5939 + u. Suppose 11*c - z = 3*c. Is c prime?
False
Suppose -4*u - u + 11375 = 5*f, -4*f = -4*u + 9068. Is u composite?
True
Let m = -3736 + 20862. Is m prime?
False
Let g be (-4)/(-8)*(-2)/(-1)*1. Let m(u) = u + 1. Let t be m(g). Is 11564/44 + t/11 a prime number?
True
Let k(v) = 4290*v - 1817. Is k(5) a composite number?
True
Is ((-1344465)/(-4) - 15/(-60))*(-17 + 19) a composite number?
True
Suppose 0 = -2*n + 2*m - 6*m + 6, 0 = n - 2*m - 7. Suppose 0 = z - 4*a + 6*a - 483, -2*a - 2463 = -n*z. Is z composite?
False
Suppose -4*z - 9*z = 6*z - 1050073. Is z a composite number?
True
Let k(w) = -40*w**3 - 2. Let u be k(-1). Let s(r) = 74*r - 181. Is s(u) composite?
True
Let c(n) = -169*n + 24. Suppose 4*o = -6*o - 50. Is c(o) a prime number?
False
Let v(i) = -63*i + 44. Let h(o) = 3*o - 66. Let j be h(20). Let k be v(j). Let p = 3935 + k. Is p composite?
False
Suppose 0 = -3*j + j + 178. Let q be (-6)/(-2) + (884 - 18/(-6)). Suppose -j = 3*m - q. Is m composite?
True
Suppose -73*j = -69*j - 8324. Is j a composite number?
False
Let o = 3961954 + -2327799. Is o composite?
True
Suppose 30*y - 1138230 - 1544880 = 0. Is y composite?
True
Suppose v - 44 = -3*v. Suppose 2*q - v*q + 81 = 0. Is 18/6*1191/q prime?
True
Suppose 24*b + 151 = 247. Suppose -2*p + 168582 = 2*p + 2*l, -b*p + 168575 = -5*l. Is p prime?
False
Is ((-3425)/20)/(-5)*(2 - 4398/(-3)) composite?
True
Let h = 1377 - 555. Suppose -1024 = 3*y + 275. Let d = y + h. Is d composite?
False
Let q = -32 + 29. Let p be (-6*(-2)/4 + q)*1. Suppose 3*j + a + 810 = 5*j, -2*j - 4*a + 830 = p. Is j composite?
True
Let j(i) = 3 - 13 - 60*i + 0 - 3. Is j(-13) a prime number?
False
Let f = -55407 + 441490. Is f prime?
True
Let b(j) = -81*j**3 - 24*j**2 - 27*j - 109. Is b(-7) a prime number?
True
Suppose 117892 = 2*z + 13568. Suppose 10*i - 138888 - z = 0. Is i composite?
True
Let k = -2611 + 3870. Is k*(-5 - 42/(-9))*-3 prime?
True
Is (-37)/333*(2 - 1496117) a composite number?
True
Let v = -380 - -389. Suppose 44996 = v*g - 6799. Is g prime?
False
Suppose -4*b = 2*a - 13546, 3*a - 4597 = -b + 15712. Suppose -221*r = -228*r + a. Is r prime?
True
Suppose 3*t - 2*p = 462793, 2*p - 12955 = 2*t - 321481. Is t a composite number?
False
Let n(z) = -2*z**3 - 10*z**2 - 2*z - 10. Let x be n(-7). Suppose -y - x = 4*y. Is 29/(-1 + y/(-35)) a composite number?
True
Suppose -s = 6*s - 35. Let u = 50 + s. Suppose u*p - 53*p = 1306. Is p prime?
True
Let a be (6 - 4/4) + -3. Suppose 3*d - 4*p = -1, -d - a = -3*p + 5. Is 2 - (1 + d) - -525 a prime number?
True
Suppose 4*i - 131622 = -238*j + 236*j, -4*i = 20. Is j a composite number?
True
Let l(x) = x**3 - 7*x**2 - 4. Let u be l(7). Suppose 28 = 3*n + n + m, -3*n + 3*m = -6. Is u/(-12) - (-6652)/n a composite number?
False
Suppose -42 = 6*x - 6. Let g(t) = 5*t + 34. Let r be g(x). Suppose 4450 = 5*z - 5*y, -y - 3554 = -r*z + y. Is z composite?
False
Suppose 0 = -14*z + 133481 - 22223. Let m = z + -4142. Is m prime?
False
Let o(k) = -k**2 - 8*k + 12. Let j be o(-9). Suppose -20 = -4*d, s - j*d = -s + 9. Suppose -10899 = s*c - 21*c. Is c a prime number?
False
Let k(h) = 28*h + 36. Suppose 4*u - 43 = 1. Let r be k(u). Is ((-1)/(-1))/(r/114 + -3) a prime number?
False
Let s(t) = t**3 - 3*t**2 + 4*t - 8. Let y be s(4). Suppose -1680 = -y*j + 9*j. Is (1 + 2568)*32/j a composite number?
True
Suppose -3*k + q = -6*k + 29, -k + 5 = 5*q. Suppose 0 = k*m + 10 - 30. Suppose m*b = l - 1511, 4*l = -5*b - 3032 + 9115. Is l a prime number?
False
Let h(b) = 19*b + 1. Let i be h(9). Let t be (2*27/(-12))/((-2)/i). Suppose 528 = 3*r - t. Is r a composite number?
True
Let b be (0 - 1) + (-2)/(-2). Suppose b = -7*r + 8*r - 1781. Suppose 6*q - 1105 = r. Is q prime?
False
Let z be 208261/3 - 19/57. Suppose 19*f + 9627 - z = 0. Is f a prime number?
False
Let y = 103 - -124. Suppose -223*x - 11108 = -y*x. Is x composite?
False
Suppose 0 = -12*s + 20*s - 24. Suppose -16*c + 32167 = s*c. Is c a prime number?
True
Suppose 0*f - 10012 = -c - 3*f, -4*c - f = -40004. Suppose -11*p = -15*p - 3*h + c, -2*h = -p + 2511. Is p prime?
True
Let l be 62503/(-7)*(3 - 9). Let y = 96785 - l. Is y composite?
True
Let w be (3168 - 2)*15/30. Let q = w + 1314. Is q composite?
False
Suppose 0 = 10*v - 8*v - 24. Suppose v*p + 3732 = 16*p. Is p a composite number?
True
Let v(q) = 4*q**2 - 23. Suppose -4*c + 3*o + 66 = -2*c, 132 = 4*c - 5*o. Let u = c - 27. Is v(u) a composite number?
True
Is ((-3)/12)/(37/(-6677612)) a prime number?
True
Let r(c) = 6106*c - 85. Suppose 5*s + 26 = 4*n, -5*n + 0*s + s + 43 = 0. Is r(n) a composite number?
False
Let x = -11095 + 16208. Suppose 3713 + x = 6*v. Is v composite?
False
Let h(p) = p**2 + 6. Suppose 0*k = -k + 2*k. Let s be h(k). Is s - 3 - -2*682 a composite number?
False
Suppose -28*s = -7*s + 42. Is 10154